 r = 14 + -11. Suppose 4*w - r*w = 23. What is the greatest common divisor of 161 and w?
23
Suppose 125 = 5*s - 20. What is the greatest common factor of s and 29?
29
Let d(k) = -k**3 + 3*k**2 + 2*k - 3. Let j be d(3). Suppose -j*h + 11 + 40 = 0. What is the highest common factor of 17 and h?
17
Let w be 72/15*((-1)/(-2) + 2). Let d be (1 - -2)*-1*-1. Suppose 0*i - 2*i + d*f = -13, i + 3*f - 11 = 0. Calculate the greatest common factor of i and w.
4
Suppose 5*l + 102 + 113 = 0. Let x = 91 + l. Calculate the greatest common factor of x and 16.
16
Suppose -3*f - 17 = -s, -2*s + f = s - 59. Suppose -342*n + 333*n = -270. Calculate the greatest common divisor of s and n.
10
Suppose 11*h - 9*h - 22 = 0. What is the highest common divisor of 55 and h?
11
Let h(b) = -b**3 + 5*b**2 - 2*b. Let s be h(3). Let k = 19 - 13. What is the greatest common divisor of k and s?
6
Suppose 4*z + 26 = 2. Let i(u) = u - 14. Let h(c) = c - 13. Let n(d) = -6*h(d) + 5*i(d). Let a be n(z). Calculate the greatest common factor of 112 and a.
14
Let w be (4/(-6))/(0 - 1/36). Calculate the highest common divisor of 60 and w.
12
Let q be -2*(15/(-6) + 2). Suppose 5*v = -4*p + q + 3, -4*v = 3*p - 2. What is the greatest common divisor of 12 and p?
6
Let z be (-6*2)/(-4) - -132. Suppose -21*w - z = -26*w. What is the greatest common factor of w and 18?
9
Let p = 13 - 6. Suppose -v + p = -c + 4*v, -v + 5 = 0. What is the highest common divisor of c and 198?
18
Suppose 4*r = -f + 38, -f = -3*r - 11 + 1. Suppose q = 6*q - 15. Let g be (-1)/3 + f/q. What is the greatest common factor of 14 and g?
7
Let o = 1 + 7. Suppose 6*c = 2*c + o. Suppose c*v - 15 = -v. Calculate the highest common divisor of 40 and v.
5
Let t = 11 + -9. Suppose -t*p = 2*p - 2*x - 138, 2*p = -2*x + 72. What is the greatest common divisor of 5 and p?
5
Let h = 8 + -13. Let x = h + 1. Let k be 1*15 - (-4)/x. What is the greatest common divisor of 7 and k?
7
Let v be (-88)/14 + (-8)/(-28). Let c = v + 11. Let y = c - 1. What is the greatest common divisor of 36 and y?
4
Let a(y) = -5*y**3 + 3*y**2 - 2. Let s be a(-1). Calculate the highest common factor of s and 8.
2
Let s be 1 - 2*11/(-2). Suppose 3*z = 2*z + s. Let b be 1008/8*12/14. Calculate the greatest common divisor of b and z.
12
Let a = 39 + -22. Let v be 0*(2 + (-3)/2). Suppose -3*r + 327 - 72 = v. What is the greatest common factor of a and r?
17
Let j = -57 - -93. What is the highest common factor of j and 12?
12
Let l(d) = d + 4. Let c be l(-4). Suppose -j + c*j + 32 = 0. Suppose 45 = 3*a - 3. What is the highest common divisor of a and j?
16
Suppose -19*z + 176 = -11*z. What is the greatest common divisor of z and 121?
11
Suppose -5*z + 4*n + 180 = 0, 6*n = 2*z + 3*n - 72. What is the highest common factor of 288 and z?
36
Let v be ((-6)/(-5))/(3/20). Let a(k) = k**2 - 7*k + 11. Let f be a(v). Calculate the highest common factor of 171 and f.
19
Suppose 4*l + 4*z - 264 = 0, -4*l - 3*z = 2*z - 265. Calculate the greatest common divisor of l and 13.
13
Let b(z) = z**2 + 5*z + 4. Let k(p) = -4*p - 4. Let d(n) = 4*b(n) + 5*k(n). Let h be d(-3). Let w = 50 - h. Calculate the highest common factor of w and 45.
9
Suppose -3*p - 8*p = -693. Calculate the highest common divisor of 18 and p.
9
Let o = 280 + -180. Suppose -2*q - o = -7*q. Calculate the greatest common divisor of q and 30.
10
Let n = -1 + 1. Suppose n*p - 60 = -4*p. Suppose -4*i = i - p. What is the highest common divisor of i and 24?
3
Let s be -5*(64/(-30) - 2/3). Let z(k) = k**2 - 2*k + 7. Let h be z(9). What is the highest common factor of h and s?
14
Let d(y) = -10*y. Let j be d(-5). Suppose 4*w - 578 = -j. Suppose 0 = -3*n + 2*n - 5*b + 2, 0 = 3*n + 5*b - 26. What is the highest common divisor of w and n?
12
Let r be ((-52)/10)/(6/(-30)). Suppose 0 = n + n - r. Calculate the greatest common divisor of 143 and n.
13
Suppose 5*g + 2*i = 731, -6*i + 725 = 5*g - i. Suppose -5*j - 4*s = -74 - g, -5*s = 5. What is the greatest common factor of j and 9?
9
Suppose -2*p = 3*p - 550. What is the greatest common factor of 10 and p?
10
Suppose 12 = -f + 2*m - 5*m, 4*f + m = 7. Suppose 0 = 5*b - 2*i - 2*i - 17, -f*i - 9 = 0. Calculate the highest common factor of b and 3.
1
Let o(a) = 15*a + 10. Let h be o(2). Calculate the greatest common divisor of h and 20.
20
Suppose -16*a + 13*a = -141. Let v be 2/(-4) + (-27)/(-6). Suppose a = v*j + 15. What is the greatest common divisor of j and 64?
8
Let o(b) = 86*b. Let z be o(1). Suppose 26 = -5*g + z. Let t be 243/(-6)*-2 - -3. What is the greatest common divisor of g and t?
12
Let k be ((-8)/3)/((-8)/12). Suppose k*h - 342 = -86. Let p be 3/12 - 31/(-4). Calculate the highest common divisor of h and p.
8
Let s be (45 - 61)*((-21 - -1) + 1). What is the greatest common factor of s and 19?
19
Let u = -9 + 35. Calculate the highest common divisor of u and 26.
26
Let w be 2/(1 + 0 - -1). Let g be (13 + -3)/(2 + -1). What is the highest common divisor of g and w?
1
Let a = -3 + 12. Let j be 0 + -1 + 18/9. What is the highest common divisor of j and a?
1
Suppose 0 = -5*w - x - 0*x + 79, x - 31 = -2*w. What is the greatest common factor of 80 and w?
16
Suppose -3*f = 4*b - 1089, 2*b + 2*f - 197 - 345 = 0. What is the greatest common factor of 23 and b?
23
Let w(c) = -470*c - 1. Let g be w(-2). Let r be g/9 + (-1)/3. Calculate the highest common factor of r and 13.
13
Let p = 90 - 77. What is the greatest common divisor of p and 13?
13
Suppose 168 = -4*g + 8*g. Let o be (-5)/10 - (-5)/(-2). Let w be 3/2*(-56)/o. What is the highest common factor of g and w?
14
Suppose 0*u + 30 = 3*u. Suppose -3*j + 2*j = -4. Suppose -j*p = -202 - 158. Calculate the highest common factor of u and p.
10
Suppose 660 = -11*c + 13*c. Calculate the greatest common divisor of c and 30.
30
Suppose -8*b + 3*b + 175 = 0. Let k = 4 - -3. Calculate the highest common factor of k and b.
7
Let p = 33 - 7. What is the highest common divisor of 39 and p?
13
Let t = 3 - -8. Let w = t + -6. Suppose 0 = w*j - 15, 14 = l + 2*j + 5. What is the greatest common factor of l and 6?
3
Suppose w = 4*b + 9 - 4, 2*b = 2. Calculate the greatest common divisor of 36 and w.
9
Suppose 3*y = 5*z + 48, 2*z + 11 = 3*y - 28. What is the greatest common divisor of y and 121?
11
Let b be ((-16)/20)/((-2)/5). Let n be b/3*(-6)/(-4). Let y be 3 + (n - 1 - -7). What is the highest common factor of 90 and y?
10
Let v(z) = 2*z - 29. Let q be v(11). Let k be 19/(-1*1 + 0). Let l = q - k. What is the highest common divisor of l and 60?
12
Let m = 15 + -12. Let a be m + 0 + 125 + 2. Suppose 4*k = 3*v + 61, -4*k - 2*v = -59 + 13. What is the greatest common factor of a and k?
13
Let h(y) = -y**3 + 12*y**2 + 15*y - 14. Let j be h(13). What is the greatest common factor of j and 18?
6
Let n be -2 - ((-2 - 11) + 2). Let y = 5 - n. Let l be 14 - y - (-6)/2. Calculate the greatest common factor of 3 and l.
3
Suppose -46 = -4*v + 2*u, 2*v - 2*u = v + 16. Let h = 0 + 5. Suppose 0 = -2*s + h*s - 30. Calculate the greatest common divisor of v and s.
10
Let w be 89 + -3*(-4)/12. What is the greatest common divisor of 9 and w?
9
Suppose 3*z - 4*o - 169 = 0, z + 5*o - 184 = -3*z. Suppose -114 = -5*u - h + z, -59 = -u + 5*h. Calculate the greatest common divisor of u and 17.
17
Let x = -2 + 7. Suppose j = 2*j - x. Let s be -2 - -4 - -1*j. Calculate the greatest common divisor of s and 21.
7
Suppose 0*i + 3 = n + 5*i, 0 = -3*n + 3*i + 45. Let q(l) = 38*l + 1. Let g be q(1). Calculate the greatest common factor of g and n.
13
Let d(v) = 2*v**2 + v - 34. Let o be d(-6). Calculate the highest common factor of 48 and o.
16
Let a = 12 + -27. Let q be (100/a)/((-1)/3). Calculate the greatest common divisor of 50 and q.
10
Let n(h) = 23*h + 2. Let k be n(9). Calculate the highest common factor of k and 19.
19
Let a(o) = o**2 + 4*o - 1. Let s be a(-6). Suppose 4*g - 20 + 16 = 0. Let x = g + s. Calculate the greatest common divisor of 96 and x.
12
Suppose 0 = 4*i + 3*o - 179 + 29, i + 5*o = 29. Suppose 5*t + 160 = 5*c, -3*t - 160 = -4*c - c. Let d = c + -19. What is the highest common factor of i and d?
13
Let b(j) = -j**2 + 3. Let r(o) = -o - 7. Let s be r(-7). Let v be b(s). Calculate the greatest common factor of v and 24.
3
Suppose -2*z =